e prime factors of n(-5)?
2
Let t be 920/22 - 10/(-55). Suppose t = 4*r - 18. What are the prime factors of r?
3, 5
Let c be (-5)/(-2)*2*-1. Let t = 1 - c. What are the prime factors of t?
2, 3
Suppose -3*j = -7*j. Suppose j*t - t = -44. Let y = t - 31. List the prime factors of y.
13
Let j = -248 + 581. What are the prime factors of j?
3, 37
Suppose -5*f + 528 = -2*f. What are the prime factors of f?
2, 11
Let w = 143 + -29. List the prime factors of w.
2, 3, 19
Let q be (48/9 - 3)*6. Suppose 0 = -2*w + 48 + q. List the prime factors of w.
31
Let k = 16 + -11. Suppose k = 5*h - 20. Suppose -f - 7 = -3*c + 13, h*c - 28 = -f. List the prime factors of c.
2, 3
Let o = -5 + 9. Suppose -v - o*d + 28 - 9 = 0, -4*v + 25 = -d. What are the prime factors of v?
7
Let c(p) = -p**3 + 6*p**2 + 8*p - 1. Let y be c(7). List the prime factors of 9 - (-1 + y/2).
7
Let n = -6 + 3. Let q be (0 + 1 - -2) + -2. What are the prime factors of (-1)/(n/9*q)?
3
List the prime factors of 0 + 4/(-4) + 16.
3, 5
Let l(u) = -7*u - 11*u - 3*u. Let n be l(1). Let h = 29 + n. What are the prime factors of h?
2
Suppose -3*l - 3*x = -0*x + 6, 3*l - x = 14. Let d be 3*l + 4 + -4. Suppose z - d = -1. List the prime factors of z.
2
Let g(a) = -7*a - 15. List the prime factors of g(-8).
41
Let h(s) = -10*s + 8. List the prime factors of h(-6).
2, 17
Let c = -3 - -7. List the prime factors of (-2)/c*(-2 + -16).
3
Let l be -2 - (2*-1 + -6). List the prime factors of -22*(9/l + -2).
11
List the prime factors of -4*(-2 - (-189)/(-12)).
71
Suppose 0 = 4*n + 3*a + 72, 3*n - 4*a + 7 + 22 = 0. List the prime factors of (-40)/n - 2/3.
2
Suppose -j = 4*j + 85. Let d = 31 + j. List the prime factors of d.
2, 7
Let m = -14 + 11. List the prime factors of (-20 - 9/m)*-1.
17
Suppose 0 = 5*b - 5*l - 30, 24 - 6 = 4*b + 2*l. Suppose 0 = -b*n + 23 + 17. List the prime factors of n.
2
Let a(o) = -o**3 - 4*o**2 - 5*o - 3. Suppose 15 = 2*k + k. Let q = -9 + k. List the prime factors of a(q).
17
Suppose 2*f + 0*o - o + 5 = 0, -4*o + 5 = -3*f. What are the prime factors of (0 - f)/((-9)/(-48))?
2
Let g(f) be the second derivative of f**3/6 - 4*f**2 + 3*f. Let c be g(9). What are the prime factors of ((-1)/c)/(2/(-4))?
2
Suppose 3*x - 2*x = -5. Let c = -6 - -4. Let o = c - x. What are the prime factors of o?
3
Suppose 0 = -2*c - 3 + 11. Suppose c*x + 0*t + 3*t - 300 = 0, 0 = -t. Suppose -5*y + x = 4*k + 14, -3*k + 37 = 2*y. List the prime factors of k.
3
What are the prime factors of 2 + (-28)/(-2 - 2)?
3
Let l = 0 - -3. Suppose -4*n + 5 = -l*n. List the prime factors of n.
5
Suppose p + 10 = 2*k + 4, p = 5*k - 12. Suppose 0 = -n + x + 4, -5*n - k*x - 5 = -4*n. What are the prime factors of 2 - (n + 2)/(-3)?
3
Let b = 129 - -9. What are the prime factors of b?
2, 3, 23
Let g(v) = -1. Let s(f) = -f**2 + 7*f - 4. Let b(i) = 3*g(i) + s(i). What are the prime factors of b(5)?
3
List the prime factors of -1 - (-47 + 3 + -3).
2, 23
Suppose 3*n - 78 = 57. Let f = n + -1. List the prime factors of f.
2, 11
Let d = -79 - -86. What are the prime factors of d?
7
Let j be -10 - (-4 + 2 - -4). Let r = j + 23. Suppose 18 + 13 = 5*x + 2*i, 0 = -x - 2*i + r. List the prime factors of x.
5
List the prime factors of 3/(22/(-47) - 11/(-22)).
2, 47
Let f = 1 + -14. Suppose 4*j + 54 = 2*j. Let z = f - j. List the prime factors of z.
2, 7
Let l = -7 - -1. Let x be 2/l + 122/6. Suppose -z - x = -5*z. List the prime factors of z.
5
Suppose -11*n + 180 = -7*n. What are the prime factors of n?
3, 5
Let p be (-1 + 15/6)*2. Suppose -70 = -2*v - 3*v + p*w, 2*w = 2*v - 28. List the prime factors of v.
2, 7
Let o(g) = g**2 + 2*g + 2. Let n be o(-2). Suppose -d = -0*d + n. What are the prime factors of (d/(-4))/((-1)/(-16))?
2
What are the prime factors of 1/1*(-80)/(-2)?
2, 5
Suppose 5*a = 2*a + 81. List the prime factors of a.
3
Suppose -4*u - 7 = -d + 5, -2*d - 24 = 4*u. Let g be d/6 - (-8)/3. Suppose g*p - 21 = -5*s, -3*p + 3*s = 2*p - 37. What are the prime factors of p?
2
Suppose 0 = -2*f + 109 - 27. List the prime factors of f.
41
Let o(y) = -y + 6. Let v be o(7). What are the prime factors of (2 + -8)/(v/2)?
2, 3
Let m = 16 + -7. Suppose 0 = -k - 5*b - 6 + 25, 2*b = 5*k - 122. Let f = k - m. List the prime factors of f.
3, 5
Let h = 13 - 9. Suppose -h*i = 13 - 49. List the prime factors of 32/3 + (-6)/i.
2, 5
Suppose 0*w - 76 = -w - y, 0 = 4*w - 3*y - 318. What are the prime factors of w?
2, 3, 13
Suppose 0 = 17*q - 22*q + 30. Suppose 9*o = q*o + 72. What are the prime factors of o?
2, 3
Let u(m) = 3*m + 0*m + 3*m + 5 + m**2 - 15. List the prime factors of u(-9).
17
List the prime factors of ((-424)/3 + -2)*(-54)/45.
2, 43
Suppose -2*p + 2 + 2 = 0. Suppose -4*s - 5 = y, 0 = y - 3*s - p - 7. Suppose y*o = 4*w + 49, -16 = -o + 4*w - 3*w. List the prime factors of o.
3, 5
Let d = -13 + 18. Let i(q) = -q**2 + 4*q + 7. Let h be i(d). List the prime factors of h - (2 - -12)/(-2).
3
Suppose -3*g - 23 = -230. Suppose -2*r - g = -5*r. List the prime factors of r.
23
Let i = 14 - 7. What are the prime factors of -4 - -6 - i*-2?
2
Let q be 38/((-1)/1 - -3). Let v = q + 1. List the prime factors of v.
2, 5
Let b(w) = 0 + 0 - 1 + 3*w. Let p be b(-2). Let a = p - -13. List the prime factors of a.
2, 3
Let s(g) = g + 1. Let b(i) = i**2 - 13*i - 9. Let f(c) = -b(c) - 5*s(c). List the prime factors of f(8).
2
Suppose -8 = 5*z - 38. Let i(u) = u**3 - 5*u**2 - 5*u + 3. Let j be i(z). Let h = j - 1. List the prime factors of h.
2
Let s be (-12)/(-2)*(-8)/(-6). Suppose -4*g + s = -0*g. What are the prime factors of g?
2
Suppose -3*f = -0*x - x - 218, 0 = f - x - 74. What are the prime factors of f?
2, 3
Suppose 64 = -4*p - 2*d, -11 - 13 = 2*p - d. Let u = 21 + p. What are the prime factors of u?
7
Suppose 5*k + 4*c + 44 = 0, -k = k - 2*c + 14. Let h(n) = n**2 + 9*n + 11. What are the prime factors of h(k)?
3
Let o(g) = -36*g + 49. What are the prime factors of o(-4)?
193
Suppose 14 = 4*k - 2*k. Suppose -6*b + b = -5, -5*b + 5 = g. Suppose 4*z - 23 + k = g. What are the prime factors of z?
2
Let v be 9 + 0 + 1*-3. Let f = v + -2. What are the prime factors of f?
2
Let x(b) = -5 - 3*b**3 + 4*b**3 - 2*b**3 - 12*b**2 - 2*b + 3. Let c be x(-12). Suppose 62 = 4*w - n, 2*w - n = -5*n + c. What are the prime factors of w?
3, 5
Suppose -773 + 311 = -2*o - 2*f, 0 = 3*o - 5*f - 653. List the prime factors of o.
2, 113
Suppose 21*q + 805 = 28*q. What are the prime factors of q?
5, 23
Let s(z) = -z + 5. Let f be s(4). Let b(d) = 4*d**3. Let x be b(f). Suppose 2*j - x*n + 19 - 55 = 0, -4*j = 5*n - 46. List the prime factors of j.
2, 7
Let a = -13 - -43. What are the prime factors of a?
2, 3, 5
Let v(o) = o**3 + 9*o**2 - 11*o + 3. List the prime factors of v(-9).
2, 3, 17
Let p be 18 - (-2 + 2) - 3. Let x be (-6)/p - (-22)/5. Suppose 8 = u + x. List the prime factors of u.
2
Suppose -3*f = -0*f - 81. Let x = f - 15. List the prime factors of x.
2, 3
Let p(r) = -r + 52. List the prime factors of p(0).
2, 13
Suppose 3*k - 3*i - 97 = -19, -3*i = 4*k - 111. List the prime factors of k - ((-12)/4 - -2).
2, 7
Let w = 121 - 63. Suppose 4*t + 10 = w. What are the prime factors of t?
2, 3
Suppose -4*d - d = -25, 27 = 4*f + 3*d. Let g = f + 9. List the prime factors of g.
2, 3
Suppose m = 6*m - 60. Suppose q - 4 = m. List the prime factors of q.
2
Let m(s) = -s**3 - 4*s**2 + 4*s + 3. Suppose 7*g + 9 = -3*y + 2*g, -4*y - 3*g - 23 = 0. Let q be y + (-1 - -2) - -2. What are the prime factors of m(q)?
2
Let w be (-30)/12*(-8)/5. Let i = w - -15. List the prime factors of i.
19
Let p(w) = -w + 3. Let j be p(5). What are the prime factors of ((-11)/(-2))/(j/(-4))?
11
Suppose -u = u + 3*x - 548, -3*u - x + 829 = 0. List the prime factors of u.
277
List the prime factors of ((-14)/(-28))/((-2)/(-128)).
2
Let a(r) = -r - 6. Let z be a(-8). Suppose -16 = k - 2*k + z*v, 0 = -k + 4*v + 22. Suppose -k = -f + 2. List the prime factors of f.
2, 3
Let j be 2/(-1) + -2 + 16. Let q = 2 + j. What are the prime factors of q?
2, 7
Let k = 5 + -4. Let d be -3 - (-1 + k)/(-3). What are the prime factors of 0 + (30/d)/(-1)?
2, 5
Let o(h) be the first derivative of h**4/4 + h**3 - h**2 + h - 44. Let u = 3 + -1. What are the prime factors of o(u)?
17
Let m be ((-4)/6)/((-6)/45). Let h = m + 0. 